{"id":3068,"date":"2023-09-09T12:50:25","date_gmt":"2023-09-09T12:50:25","guid":{"rendered":"https:\/\/wiretree.lk\/shop\/?post_type=product&#038;p=3068"},"modified":"2023-09-09T12:57:43","modified_gmt":"2023-09-09T12:57:43","slug":"ds-2cd1343go-i","status":"publish","type":"product","link":"https:\/\/wiretree.lk\/shop\/ds-2cd1343go-i\/","title":{"rendered":"DS-2CD1343GO-I"},"content":{"rendered":"<section class=\"wpb-content-wrapper\"><p>[vc_row][vc_column][vc_column_text text_larger=&#8221;no&#8221;]<\/p>\n<table width=\"697\">\n<tbody>\n<tr>\n<td width=\"697\">Specifications<\/p>\n<p>&nbsp;<\/td>\n<\/tr>\n<tr>\n<td>Camera<\/td>\n<\/tr>\n<tr>\n<td>Image Sensor 1\/3&#8243; Progressive Scan CMOS<\/td>\n<\/tr>\n<tr>\n<td>Min. Illumination Color: 0.028 Lux @ (F2.0, AGC ON)<\/td>\n<\/tr>\n<tr>\n<td>Shutter Speed 1\/3 s to 1\/100,000 s<\/td>\n<\/tr>\n<tr>\n<td>Slow Shutter Yes<\/td>\n<\/tr>\n<tr>\n<td>Day &amp; Night IR Cut Filter<\/td>\n<\/tr>\n<tr>\n<td>WDR DWDR<\/td>\n<\/tr>\n<tr>\n<td>Angle Adjustment Pan: 0\u00b0 to 360\u00b0, tilt: 0\u00b0 to 75\u00b0, rotate: 0\u00b0 to 360\u00b0<\/td>\n<\/tr>\n<tr>\n<td>Lens<\/td>\n<\/tr>\n<tr>\n<td>Lens Type Fixed lens, 2.8\/4 mm<\/td>\n<\/tr>\n<tr>\n<td>Aperture F2.0<\/td>\n<\/tr>\n<tr>\n<td>FOV<\/td>\n<\/tr>\n<tr>\n<td>2.8 mm, horizontal FOV 100\u00b0, vertical FOV 55\u00b0, diagonal FOV 117\u00b0<\/td>\n<\/tr>\n<tr>\n<td>4 mm, horizontal FOV 77\u00b0, vertical FOV 42\u00b0, diagonal FOV 88\u00b0<\/td>\n<\/tr>\n<tr>\n<td>Lens Mount M12<\/td>\n<\/tr>\n<tr>\n<td>Illuminator<\/td>\n<\/tr>\n<tr>\n<td>IR Range Up to 30 m<\/td>\n<\/tr>\n<tr>\n<td>Wavelength 850 nm<\/td>\n<\/tr>\n<tr>\n<td>Video<\/td>\n<\/tr>\n<tr>\n<td>Max. Resolution 2560 \u00d7 1440<\/td>\n<\/tr>\n<tr>\n<td>Main Stream<\/td>\n<\/tr>\n<tr>\n<td>50Hz: 20fps (2560 \u00d7 1440, 2304 \u00d7 1296, 1920 \u00d7 1080, 1280 \u00d7 720)<\/td>\n<\/tr>\n<tr>\n<td>60Hz: 20fps (2560 \u00d7 1440, 2304 \u00d7 1296, 1920 \u00d7 1080, 1280 \u00d7 720)<\/td>\n<\/tr>\n<tr>\n<td>Sub-Stream<\/td>\n<\/tr>\n<tr>\n<td>50Hz: 20fps (640 \u00d7 480, 640 \u00d7 360, 320 \u00d7 240)<\/td>\n<\/tr>\n<tr>\n<td>60Hz: 20fps (640 \u00d7 480, 640 \u00d7 360, 320 \u00d7 240)<\/td>\n<\/tr>\n<tr>\n<td>Video Compression<\/td>\n<\/tr>\n<tr>\n<td>Main stream: H.265+\/H.264+\/H.265\/H.264<\/td>\n<\/tr>\n<tr>\n<td>Sub-stream: H.265\/H.264\/MJPEG<\/td>\n<\/tr>\n<tr>\n<td>H.264 Type Baseline Profile\/Main Profile<\/td>\n<\/tr>\n<tr>\n<td>H.265 Type Main Profile<\/td>\n<\/tr>\n<tr>\n<td>Video Bit Rate 32 Kbps to 8 Mbps<\/td>\n<\/tr>\n<tr>\n<td>Smart Feature-Set<\/td>\n<\/tr>\n<tr>\n<td>Basic Event Motion detection, video tampering alarm, exception (illegal login)<\/td>\n<\/tr>\n<tr>\n<td>Linkage Method Upload to FTP, notify surveillance center, send email<\/td>\n<\/tr>\n<tr>\n<td>Region of Interest 1 fixed region for main stream<\/td>\n<\/tr>\n<tr>\n<td>Image<\/td>\n<\/tr>\n<tr>\n<td>Image Enhancement BLC, HLC, 3D DNR<\/td>\n<\/tr>\n<tr>\n<td>Image Setting<\/td>\n<\/tr>\n<tr>\n<td>Saturation, brightness, contrast, sharpness, AGC and white balance adjustable by client<\/td>\n<\/tr>\n<tr>\n<td>software or web browser<\/td>\n<\/tr>\n<tr>\n<td>Day\/Night Switch Day\/Night\/Auto\/Schedule<\/td>\n<\/tr>\n<tr>\n<td>S\/N Ratio &gt; 50dB<\/td>\n<\/tr>\n<tr>\n<td><\/td>\n<\/tr>\n<tr>\n<td>Network<\/td>\n<\/tr>\n<tr>\n<td>Protocols<\/td>\n<\/tr>\n<tr>\n<td>TCP\/IP, ICMP, HTTP, HTTPS, FTP, DHCP, DNS, DDNS, RTP, RTSP, NTP, UPnP, SMTP,<\/td>\n<\/tr>\n<tr>\n<td>IGMP, 802.1X, QoS, IPv6, UDP, Bonjour<\/td>\n<\/tr>\n<tr>\n<td>API ONVIF (PROFILE S), ISAPI, SDK<\/td>\n<\/tr>\n<tr>\n<td>Security<\/td>\n<\/tr>\n<tr>\n<td>Password protection, complicated password, IP address filter, Watermark, HTTPS<\/td>\n<\/tr>\n<tr>\n<td>encryption, basic and digest authentication for HTTP\/HTTPS, WSSE and digest<\/td>\n<\/tr>\n<tr>\n<td>authentication for ONVIF, 802.1X authentication (EAP-MD5)<\/td>\n<\/tr>\n<tr>\n<td>Simultaneous Live View Up to 6 channels<\/td>\n<\/tr>\n<tr>\n<td>User\/Host Up to 32 users, 3 levels: administrator, operator and user<\/td>\n<\/tr>\n<tr>\n<td>Client iVMS-4200, Hik-Central, Hik-Connect<\/td>\n<\/tr>\n<tr>\n<td>Web Browser IE8+, Chrome 31.0-44, Firefox30.0-51, Safari8.0+<\/td>\n<\/tr>\n<tr>\n<td>Interface<\/td>\n<\/tr>\n<tr>\n<td>Communication Interface 1 RJ45 10M\/100M self-adaptive Ethernet port<\/td>\n<\/tr>\n<tr>\n<td>General<\/td>\n<\/tr>\n<tr>\n<td>General Function Anti-flicker, heartbeat, mirror, privacy mask<\/td>\n<\/tr>\n<tr>\n<td>Reset Reset via web browser and client software<\/td>\n<\/tr>\n<tr>\n<td>Startup and Operating<\/td>\n<\/tr>\n<tr>\n<td>Conditions<\/td>\n<\/tr>\n<tr>\n<td>-30 \u00b0C to 60 \u00b0C (-22 \u00b0F to 140 \u00b0F), humidity 95% or less (non-condensing)<\/td>\n<\/tr>\n<tr>\n<td>Storage Conditions -30 \u00b0C to 60 \u00b0C (-22 \u00b0F to 140 \u00b0F), humidity 95% or less (non-condensing)<\/td>\n<\/tr>\n<tr>\n<td>Power Supply<\/td>\n<\/tr>\n<tr>\n<td>12 VDC \u00b1 25%, \u03a6 5.5 mm coaxial power plug, reverse polarity protection; PoE (802.3af,<\/td>\n<\/tr>\n<tr>\n<td>class 3)<\/td>\n<\/tr>\n<tr>\n<td>Power Consumption and Current 12 VDC, 0.34 A, max. 4 W; PoE (802.3af, 36 V to 57 V), 0.2 A to 0.1 A, max. 5 W<\/td>\n<\/tr>\n<tr>\n<td>Material Camera body: metal, bottom base: plastic<\/td>\n<\/tr>\n<tr>\n<td>Dimensions<\/td>\n<\/tr>\n<tr>\n<td>Camera: \u03a6110 mm \u00d7 94.4 mm (\u03a64.3&#8243; \u00d7 3.7&#8243;)<\/td>\n<\/tr>\n<tr>\n<td>With package: 150 \u00d7 150 \u00d7 141 mm (5.9&#8243; \u00d7 5.9&#8243; \u00d7 5.6&#8243;)<\/td>\n<\/tr>\n<tr>\n<td>Weight<\/td>\n<\/tr>\n<tr>\n<td>Camera: approx. 360 g (0.8 lb.)<\/td>\n<\/tr>\n<tr>\n<td>With package: approx. 580 g (1.3 lb.)<\/td>\n<\/tr>\n<tr>\n<td>Approval<\/td>\n<\/tr>\n<tr>\n<td>EMC<\/td>\n<\/tr>\n<tr>\n<td>47 CFR Part 15, Subpart B; EN 55032: 2015, EN 61000-3-2: 2014, EN 61000-3-3: 2013,<\/td>\n<\/tr>\n<tr>\n<td>EN 50130-4: 2011 +A1: 2014; AS\/NZS CISPR 32: 2015; ICES-003: Issue 6, 2016; KN 32:<\/td>\n<\/tr>\n<tr>\n<td>2015, KN 35: 2015<\/td>\n<\/tr>\n<tr>\n<td>Safety<\/td>\n<\/tr>\n<tr>\n<td>UL 60950-1, IEC 60950-1:2005 + Am 1:2009 + Am 2:2013, EN 60950-1:2005 + Am<\/td>\n<\/tr>\n<tr>\n<td>1:2009 + Am 2:2013, IS 13252(Part 1):2010+A1:2013+A2:2015, IEC\/EN 60950-1<\/td>\n<\/tr>\n<tr>\n<td><\/td>\n<\/tr>\n<\/tbody>\n<\/table>\n<p>[\/vc_column_text][\/vc_column][\/vc_row]<\/p>\n<\/section>","protected":false},"excerpt":{"rendered":"<table style=\"height: 481px;\" width=\"702\">\n<tbody>\n<tr>\n<td width=\"697\"><\/td>\n<\/tr>\n<tr>\n<td>4.0 MP IR Network Dome Camera Full HD sri lanka<\/td>\n<\/tr>\n<tr>\n<td><\/td>\n<\/tr>\n<tr>\n<td>\u00a01\/3\u2033 Progressive Scan CMOS<\/td>\n<\/tr>\n<tr>\n<td>\u00a02688\u00a0\u00d71520@30fps 4mp<\/td>\n<\/tr>\n<tr>\n<td>\u00a02.8\/4\/6\/8mm fixed lens<\/td>\n<\/tr>\n<tr>\n<td>\u00a0 Color: 0.01 Lux @ (F1.2, AGC ON), 0.018 Lux @ (F1.6, AGC ON), 0 Lux with IR<\/td>\n<\/tr>\n<tr>\n<td>\u00a0H.265 , H.265, H.264 , H.264<\/td>\n<\/tr>\n<tr>\n<td>\u00a0 Three streams<\/td>\n<\/tr>\n<tr>\n<td>\u00a0 120dB WDR<\/td>\n<\/tr>\n<tr>\n<td>\u00a0 2 Behavior analyses, and face detection<\/td>\n<\/tr>\n<tr>\n<td>\u00a0 BLC\/3D DNR\/ROI<\/td>\n<\/tr>\n<tr>\n<td>\u00a0 IP67<\/td>\n<\/tr>\n<tr>\n<td>\u00a0 Built-in micro SD\/SDHC\/SDXC card slot, up to 128 GB<\/td>\n<\/tr>\n<tr>\n<td>\u00a03-Axis adjustment<\/td>\n<\/tr>\n<\/tbody>\n<\/table>\n","protected":false},"featured_media":3069,"comment_status":"open","ping_status":"closed","template":"","meta":[],"product_brand":[],"product_cat":[15],"product_tag":[],"class_list":{"0":"post-3068","1":"product","2":"type-product","3":"status-publish","4":"has-post-thumbnail","6":"product_cat-ip-camera","8":"first","9":"instock","10":"shipping-taxable","11":"purchasable","12":"product-type-simple"},"_links":{"self":[{"href":"https:\/\/wiretree.lk\/shop\/wp-json\/wp\/v2\/product\/3068","targetHints":{"allow":["GET"]}}],"collection":[{"href":"https:\/\/wiretree.lk\/shop\/wp-json\/wp\/v2\/product"}],"about":[{"href":"https:\/\/wiretree.lk\/shop\/wp-json\/wp\/v2\/types\/product"}],"replies":[{"embeddable":true,"href":"https:\/\/wiretree.lk\/shop\/wp-json\/wp\/v2\/comments?post=3068"}],"wp:featuredmedia":[{"embeddable":true,"href":"https:\/\/wiretree.lk\/shop\/wp-json\/wp\/v2\/media\/3069"}],"wp:attachment":[{"href":"https:\/\/wiretree.lk\/shop\/wp-json\/wp\/v2\/media?parent=3068"}],"wp:term":[{"taxonomy":"product_brand","embeddable":true,"href":"https:\/\/wiretree.lk\/shop\/wp-json\/wp\/v2\/product_brand?post=3068"},{"taxonomy":"product_cat","embeddable":true,"href":"https:\/\/wiretree.lk\/shop\/wp-json\/wp\/v2\/product_cat?post=3068"},{"taxonomy":"product_tag","embeddable":true,"href":"https:\/\/wiretree.lk\/shop\/wp-json\/wp\/v2\/product_tag?post=3068"}],"curies":[{"name":"wp","href":"https:\/\/api.w.org\/{rel}","templated":true}]}}