{"id":3197,"date":"2023-09-16T16:43:49","date_gmt":"2023-09-16T16:43:49","guid":{"rendered":"https:\/\/wiretree.lk\/shop\/?post_type=product&#038;p=3197"},"modified":"2023-09-16T16:43:51","modified_gmt":"2023-09-16T16:43:51","slug":"ds-7616ni-q1","status":"publish","type":"product","link":"https:\/\/wiretree.lk\/shop\/ds-7616ni-q1\/","title":{"rendered":"DS-7616NI-Q1"},"content":{"rendered":"<section class=\"wpb-content-wrapper\"><p>[vc_row][vc_column][vc_column_text text_larger=&#8221;no&#8221;]<\/p>\n<table width=\"895\">\n<tbody>\n<tr>\n<td width=\"895\"><strong>Specification<\/strong><\/p>\n<p>Video\/Audio input<\/td>\n<\/tr>\n<tr>\n<td>IP video input16-ch Up to 8 MP resolution<\/td>\n<\/tr>\n<tr>\n<td>Two-way audio1-ch, RCA (2.0 Vp-p, 1 k \u03a9)<\/td>\n<\/tr>\n<tr>\n<td>Network<\/td>\n<\/tr>\n<tr>\n<td>Incoming bandwidth160 Mbps<\/td>\n<\/tr>\n<tr>\n<td>Outgoing bandwidth80 Mbps<\/td>\n<\/tr>\n<tr>\n<td>Video\/Audio output<\/td>\n<\/tr>\n<tr>\n<td>Recording resolution8 MP\/6 MP\/5 MP\/4 MP\/3 MP\/1080p\/UXGA \/720p\/VGA\/4CIF\/DCIF\/ 2CIF\/CIF\/QCIF<\/td>\n<\/tr>\n<tr>\n<td>HDMI output resolution1-ch, 4K (3840 \u00d7 2160)\/30Hz, 1920 \u00d7 1080p\/60Hz, 1600 \u00d7 1200\/60Hz, 1280 \u00d7 1024\/60Hz, 1280 \u00d7 720\/60Hz, 1024 \u00d7 768\/60Hz<\/td>\n<\/tr>\n<tr>\n<td>VGA output resolution1-ch, 1920 \u00d7 1080p\/60Hz, 1280 \u00d7 1024\/60Hz, 1280 \u00d7 720\/60Hz, 1024 \u00d7 768\/60Hz<\/td>\n<\/tr>\n<tr>\n<td>Audio output1-ch, RCA (Linear, 1 K\u03a9)<\/td>\n<\/tr>\n<tr>\n<td>Decoding<\/td>\n<\/tr>\n<tr>\n<td>Decoding formatH.265\/H.265+\/H.264\/H.264+\/MPEG4<\/td>\n<\/tr>\n<tr>\n<td>Live view \/ Playback resolution8 MP\/6 MP\/5 MP\/4 MP\/3 MP\/1080p\/UXGA \/720p\/VGA\/4CIF\/DCIF\/ 2CIF\/CIF\/QCIF<\/td>\n<\/tr>\n<tr>\n<td>Synchronous playback16-ch<\/td>\n<\/tr>\n<tr>\n<td>Capability1-ch @ 8 MP \/ 4-ch @ 1080p\/8-ch @ 1080p<\/td>\n<\/tr>\n<tr>\n<td>Network management<\/td>\n<\/tr>\n<tr>\n<td>Network protocolsTCP\/IP, DHCP, Hik-Connect, DNS, DDNS, NTP, SADP, SMTP, NFS, iSCSI, UPnP\u2122, HTTPS<\/td>\n<\/tr>\n<tr>\n<td>Hard disk<\/td>\n<\/tr>\n<tr>\n<td>SATA1 SATA interface<\/td>\n<\/tr>\n<tr>\n<td>CapacityUp to 6TB capacity for each disk<\/td>\n<\/tr>\n<tr>\n<td>External interface<\/td>\n<\/tr>\n<tr>\n<td>Network interface1, RJ-45 10\/100\/1000 Mbps self-adaptive Ethernet interface<\/td>\n<\/tr>\n<tr>\n<td>USB interface2 \u00d7 USB 2.0<\/td>\n<\/tr>\n<tr>\n<td>Alarm in\/out4\/1 (optional)<\/td>\n<\/tr>\n<tr>\n<td>General<\/td>\n<\/tr>\n<tr>\n<td>Power supply12 VDC<\/td>\n<\/tr>\n<tr>\n<td>Power\u2264 18W<\/td>\n<\/tr>\n<tr>\n<td>Consumption (without hard disk )\u2264 10 W<\/td>\n<\/tr>\n<tr>\n<td>Working temperature-10 to +55\u00ba C (+14 to +131\u00ba F)<\/td>\n<\/tr>\n<tr>\n<td>Working humidity10 to 90 %<\/td>\n<\/tr>\n<tr>\n<td>Chassis1U chassis<\/td>\n<\/tr>\n<tr>\n<td>Dimensions (W \u00d7 D \u00d7 H)315 \u00d7 240 \u00d7 48 mm (31.5 \u00d7 23.9 \u00d7 4.83 cm)<\/td>\n<\/tr>\n<tr>\n<td>Weight(without hard disk)disk) \u2264 1 kg (2.2 lb)<\/td>\n<\/tr>\n<\/tbody>\n<\/table>\n<p>[\/vc_column_text][\/vc_column][\/vc_row]<\/p>\n<\/section>","protected":false},"excerpt":{"rendered":"<table width=\"682\">\n<tbody>\n<tr>\n<td width=\"682\"><strong>DS-7616NI-Q1<\/strong><\/td>\n<\/tr>\n<tr>\n<td><strong>DS-7600NI-Q1 SERIES NVR<\/strong><\/td>\n<\/tr>\n<tr>\n<td>H.265+\/H.265\/H.264\/H.264+ video formats<\/td>\n<\/tr>\n<tr>\n<td>Connectable to the third-party network cameras<\/td>\n<\/tr>\n<tr>\n<td>Up to 16 IP cameras can be connected HDMI\/VGA simultaneous output (DS-7604NI-Q1)<\/td>\n<\/tr>\n<tr>\n<td>HDMI and VGA independent outputs (DS-7608NI-Q1 and DS-7616NI-Q1)<\/td>\n<\/tr>\n<tr>\n<td>HDMI Video output at up to 4K (3840 \u00d7 2160) resolution<\/td>\n<\/tr>\n<tr>\n<td>1 SATA interface connectable for recording and backup<\/td>\n<\/tr>\n<tr>\n<td>H.265+ compression effectively reduces the storage space and costs by up to 75%<\/td>\n<\/tr>\n<\/tbody>\n<\/table>\n","protected":false},"featured_media":3198,"comment_status":"open","ping_status":"closed","template":"","meta":[],"product_brand":[],"product_cat":[40],"product_tag":[],"class_list":{"0":"post-3197","1":"product","2":"type-product","3":"status-publish","4":"has-post-thumbnail","6":"product_cat-nvr","8":"first","9":"instock","10":"shipping-taxable","11":"purchasable","12":"product-type-simple"},"_links":{"self":[{"href":"https:\/\/wiretree.lk\/shop\/wp-json\/wp\/v2\/product\/3197","targetHints":{"allow":["GET"]}}],"collection":[{"href":"https:\/\/wiretree.lk\/shop\/wp-json\/wp\/v2\/product"}],"about":[{"href":"https:\/\/wiretree.lk\/shop\/wp-json\/wp\/v2\/types\/product"}],"replies":[{"embeddable":true,"href":"https:\/\/wiretree.lk\/shop\/wp-json\/wp\/v2\/comments?post=3197"}],"wp:featuredmedia":[{"embeddable":true,"href":"https:\/\/wiretree.lk\/shop\/wp-json\/wp\/v2\/media\/3198"}],"wp:attachment":[{"href":"https:\/\/wiretree.lk\/shop\/wp-json\/wp\/v2\/media?parent=3197"}],"wp:term":[{"taxonomy":"product_brand","embeddable":true,"href":"https:\/\/wiretree.lk\/shop\/wp-json\/wp\/v2\/product_brand?post=3197"},{"taxonomy":"product_cat","embeddable":true,"href":"https:\/\/wiretree.lk\/shop\/wp-json\/wp\/v2\/product_cat?post=3197"},{"taxonomy":"product_tag","embeddable":true,"href":"https:\/\/wiretree.lk\/shop\/wp-json\/wp\/v2\/product_tag?post=3197"}],"curies":[{"name":"wp","href":"https:\/\/api.w.org\/{rel}","templated":true}]}}