{"id":3203,"date":"2023-09-16T17:05:33","date_gmt":"2023-09-16T17:05:33","guid":{"rendered":"https:\/\/wiretree.lk\/shop\/?post_type=product&#038;p=3203"},"modified":"2023-09-16T17:05:36","modified_gmt":"2023-09-16T17:05:36","slug":"ds-7616ni-q2","status":"publish","type":"product","link":"https:\/\/wiretree.lk\/shop\/ds-7616ni-q2\/","title":{"rendered":"DS-7616NI-Q2"},"content":{"rendered":"<section class=\"wpb-content-wrapper\"><p>[vc_row][vc_column][vc_column_text text_larger=&#8221;no&#8221;]<\/p>\n<table width=\"645\">\n<tbody>\n<tr>\n<td width=\"645\"><strong>Specification<\/strong><\/p>\n<p>&nbsp;<\/td>\n<\/tr>\n<tr>\n<td>Model DS-7608NI-Q2 DS-7616NI-Q2<\/td>\n<\/tr>\n<tr>\n<td>Video and Audio<\/td>\n<\/tr>\n<tr>\n<td>IP video input<\/td>\n<\/tr>\n<tr>\n<td>8-ch 16-ch<\/td>\n<\/tr>\n<tr>\n<td>Up to 8 MP resolution<\/td>\n<\/tr>\n<tr>\n<td>Incoming bandwidth 80 Mbps 160 Mbps<\/td>\n<\/tr>\n<tr>\n<td>Outgoing bandwidth 80 Mbps<\/td>\n<\/tr>\n<tr>\n<td>HDMI output<\/td>\n<\/tr>\n<tr>\n<td>1-ch, 4K (4096 x 2160)\/30 Hz, 4K (3840 x 2160)\/30 Hz, 2K (2560 x 1440)\/60 Hz,<\/td>\n<\/tr>\n<tr>\n<td>1920 x 1080\/60 Hz, 1600 x 1200\/60 Hz, 1280 x 1024\/60 Hz, 1280 x 720\/60 Hz<\/td>\n<\/tr>\n<tr>\n<td>VGA output 1-ch, 1920 \u00d7 1080\/60 Hz, 1280 \u00d7 1024\/60 Hz, 1280 \u00d7 720\/60 Hz<\/td>\n<\/tr>\n<tr>\n<td>Video output mode HDMI\/VGA simultaneous output<\/td>\n<\/tr>\n<tr>\n<td>CVBS output N\/A<\/td>\n<\/tr>\n<tr>\n<td>Audio output 1-ch, RCA (Linear, 1 K\u03a9)<\/td>\n<\/tr>\n<tr>\n<td>Two-way audio input 1-ch, RCA (2.0 Vp-p, 1 K\u03a9, using the audio input)<\/td>\n<\/tr>\n<tr>\n<td>Decoding<\/td>\n<\/tr>\n<tr>\n<td>Decoding format H.265+\/H.265\/H.264+\/H.264<\/td>\n<\/tr>\n<tr>\n<td>Recording resolution 8 MP\/6 MP\/5 MP\/4 MP\/3 MP\/1080p\/UXGA\/720p\/VGA \/4CIF\/DCIF\/2CIF\/CIF\/QCIF<\/td>\n<\/tr>\n<tr>\n<td>Synchronous playback 8-ch 16-ch<\/td>\n<\/tr>\n<tr>\n<td>Capability 1-ch@8 MP (30 fps)\/5-ch@1080p (30 fps)<\/td>\n<\/tr>\n<tr>\n<td>Stream type Video, Video &amp; Audio<\/td>\n<\/tr>\n<tr>\n<td>Audio compression G.711ulaw\/G.711alaw\/G.722\/G.726<\/td>\n<\/tr>\n<tr>\n<td>Network<\/td>\n<\/tr>\n<tr>\n<td>Remote connection 64<\/td>\n<\/tr>\n<tr>\n<td>Network protocol<\/td>\n<\/tr>\n<tr>\n<td>TCP\/IP, DHCP, IPv4, IPv6, DNS, DDNS, NTP, RTSP, SADP, SMTP, SNMP, NFS, iSCSI,<\/td>\n<\/tr>\n<tr>\n<td>ISUP, UPnP\u2122, HTTP, HTTPS<\/td>\n<\/tr>\n<tr>\n<td>Network interface<\/td>\n<\/tr>\n<tr>\n<td>1, RJ-45 10\/100 Mbps self-adaptive<\/td>\n<\/tr>\n<tr>\n<td>Ethernet interface<\/td>\n<\/tr>\n<tr>\n<td>1, RJ-45 10\/100\/1000 Mbps self-adaptive<\/td>\n<\/tr>\n<tr>\n<td>Ethernet interface<\/td>\n<\/tr>\n<tr>\n<td>Auxiliary Interface<\/td>\n<\/tr>\n<tr>\n<td>SATA 2 SATA interfaces<\/td>\n<\/tr>\n<tr>\n<td>Capacity Up to 8 TB capacity for each disk<\/td>\n<\/tr>\n<tr>\n<td>USB interface Front panel: 1 \u00d7 USB 2.0; Rear panel: 1 \u00d7 USB 2.0<\/td>\n<\/tr>\n<tr>\n<td>General<\/td>\n<\/tr>\n<tr>\n<td>Power supply 12 VDC, 2.1 A<\/td>\n<\/tr>\n<tr>\n<td>Consumption (without HDD) \u2264 15 W<\/td>\n<\/tr>\n<tr>\n<td>Working temperature -10 \u00b0C to 55 \u00b0C (14 \u00b0F to 131 \u00b0F)<\/td>\n<\/tr>\n<tr>\n<td>Working humidity 10% to 90%<\/td>\n<\/tr>\n<tr>\n<td>Dimension (W \u00d7 D \u00d7 H) 385 \u00d7 315 \u00d7 52 mm (15.2&#8243;\u00d7 12.4&#8243; \u00d7 2.0&#8243;)<\/td>\n<\/tr>\n<tr>\n<td>Weight (without HDD) \u2264 1.8 kg (4.0 lb)<\/td>\n<\/tr>\n<tr>\n<td>Certification<\/td>\n<\/tr>\n<tr>\n<td>FCC Part 15 Subpart B, ANSI C63.4-2014<\/td>\n<\/tr>\n<tr>\n<td>CE EN 55032: 2015, EN 61000-3-2, EN 61000-3-3, EN 50130-4, EN 55035: 2017<\/td>\n<\/tr>\n<tr>\n<td><\/td>\n<\/tr>\n<\/tbody>\n<\/table>\n<div style=\"border: 0px; color: #000000; margin: 0px; padding: 0px; font-family: arial, sans-serif; font-size: 13px; font-style: normal; font-variant: normal; font-weight: normal; height: auto; line-height: normal; text-align: left; width: auto; direction: ltr; visibility: visible; display: block; position: absolute; background: transparent; opacity: 0.95; z-index: 99991; top: 59.3056px; left: 0px;\">\n<div style=\"border: 2px solid #2c4ade; color: #000000; margin: 0px; padding: 7px; font-family: arial, sans-serif; font-size: 13px; font-style: normal; font-variant: normal; font-weight: normal; height: auto; line-height: normal; text-align: left; width: auto; direction: ltr; visibility: visible; display: block; background: #bfdfff; max-width: 250px; z-index: 99992; border-radius: 8px;\">\n<div style=\"border: 0px; color: #000000; margin: 0px; padding: 0px; font-family: arial, sans-serif; font-size: 13px; font-style: normal; font-variant: normal; font-weight: normal; height: auto; line-height: normal; text-align: left; width: auto; direction: ltr; visibility: visible; display: block;\">\n<p><b style=\"border: 0px; color: #000000; margin: 0px; padding: 0px; font-family: arial, sans-serif; font-size: 13px; font-style: normal; font-variant: normal; font-weight: bold; height: auto; line-height: normal; text-align: left; width: auto; direction: ltr; visibility: visible; display: inline;\">specification<\/b>: <span style=\"border: 0px; color: blue; margin: 0px; padding: 0px; font-family: arial, sans-serif; font-size: 13px; font-style: normal; font-variant: normal; font-weight: normal; height: auto; line-height: normal; text-align: left; width: auto; direction: ltr; visibility: visible; display: inline; cursor: pointer;\">\u0db1\u0dd2\u0dba\u0db8\u0dcf\u0dc0\u0dbd\u0dd2\u0dba, \u0db1\u0dd2\u0dbb\u0dd6\u0db4\u0dd2\u0dad\u0dba, \u0db4\u0dd2\u0dbb\u0dd2\u0dc0\u0dd2\u0dad\u0dbb, \u0db4\u0dd2\u0dbb\u0dd2\u0dc0\u0dd2\u0dad\u0dbb \u0d9a\u0dd2\u0dbb\u0dd3\u0db8, \u0dc0\u0dd2\u0dc1\u0dda\u0dc2 \u0db1\u0dd2\u0dba\u0db8\u0dba, \u0dc0\u0dd2\u0dc1\u0dda\u0dc2\u0dab\u0dba, \u0dc0\u0ddb\u0dc1\u0dda\u0dc2\u0dd3\u0d9a\u0dbb\u0dab\u0dba, \u0dc3\u0db8\u0dca\u0db4\u0dd6\u0dbb\u0dca\u0dab \u0dc0\u0dd2\u0dc3\u0dca\u0dad\u0dbb \u0dc0\u0dd2\u0db7\u0dcf\u0d9c\u0dba<\/span><\/p>\n<div style=\"border: 0px; color: #6d6d67; margin: 0px; padding: 0px; font-family: arial, sans-serif; font-size: 0.8em; font-style: normal; font-variant: normal; font-weight: normal; height: auto; line-height: normal; text-align: left; width: auto; direction: ltr; visibility: visible; display: block;\">English &#8211; Sinhala<\/div>\n<div style=\"border: 0px; color: #000000; margin: 0px; padding: 0px; font-family: arial, sans-serif; font-size: 13px; font-style: normal; font-variant: normal; font-weight: normal; height: 0.5em; line-height: normal; text-align: left; width: auto; direction: ltr; visibility: visible; display: block;\"><\/div>\n<p>(<b style=\"border: 0px; color: #000000; margin: 0px; padding: 0px; font-family: arial, sans-serif; font-size: 13px; font-style: normal; font-variant: normal; font-weight: bold; height: auto; line-height: normal; text-align: left; width: auto; direction: ltr; visibility: visible; display: inline;\">specify<\/b>): <span style=\"border: 0px; color: blue; margin: 0px; padding: 0px; font-family: arial, sans-serif; font-size: 13px; font-style: normal; font-variant: normal; font-weight: normal; height: auto; line-height: normal; text-align: left; width: auto; direction: ltr; visibility: visible; display: inline; cursor: pointer;\">\u0db1\u0dd2\u0dba\u0db8 \u0dc0\u0dc1\u0dba\u0dd9\u0db1\u0dca \u0dc3\u0db3\u0dc4\u0db1\u0dca \u0d9a\u0dbb\u0db1\u0dc0\u0dcf, \u0dc0\u0dd2\u0dc1\u0dda\u0dc2\u0dab\u0dba \u0d9a\u0dd2\u0dbb\u0dd3\u0db8<\/span><\/p>\n<div style=\"border: 0px; color: #6d6d67; margin: 0px; padding: 0px; font-family: arial, sans-serif; font-size: 0.8em; font-style: normal; font-variant: normal; font-weight: normal; height: auto; line-height: normal; text-align: left; width: auto; direction: ltr; visibility: visible; display: block;\">English &#8211; Sinhala<\/div>\n<\/div>\n<\/div>\n<\/div>\n<div style=\"border: 0px; color: #000000; margin: 0px; padding: 0px; font-family: arial, sans-serif; font-size: 13px; font-style: normal; font-variant: normal; font-weight: normal; height: auto; line-height: normal; text-align: left; width: auto; direction: ltr; visibility: visible; display: block; position: absolute; background: transparent; opacity: 0.95; z-index: 99996; top: 49.3056px; left: 48px;\">\n<div style=\"border-width: 0px 9px 9px; border-image: initial; color: #000000; margin: 0px; padding: 0px; font-family: arial, sans-serif; font-size: 13px; font-style: normal; font-variant: normal; font-weight: normal; height: auto; line-height: normal; text-align: left; width: auto; direction: ltr; visibility: visible; display: block; position: absolute; background: transparent; left: 3px; z-index: 99998; top: 3px; border-color: initial transparent #bfdfff transparent; border-style: initial solid solid solid;\"><\/div>\n<div style=\"border-width: 0px 12px 12px; border-image: initial; color: #000000; margin: 0px; padding: 0px; font-family: arial, sans-serif; font-size: 13px; font-style: normal; font-variant: normal; font-weight: normal; height: auto; line-height: normal; text-align: left; width: auto; direction: ltr; visibility: visible; display: block; position: absolute; background: transparent; left: 0px; z-index: 99997; border-color: initial transparent #2c4ade transparent; border-style: initial solid solid solid;\"><\/div>\n<\/div>\n<p>[\/vc_column_text][\/vc_column][\/vc_row]<\/p>\n<\/section>","protected":false},"excerpt":{"rendered":"<table width=\"516\">\n<tbody>\n<tr>\n<td width=\"516\"><strong>DS-7616NI-Q2\u00a0<\/strong><\/td>\n<\/tr>\n<tr>\n<td>Up to 16 channel IP cameras can be connected<\/td>\n<\/tr>\n<tr>\n<td>Supports decoding H.265+\/H.265\/H.264+\/H.264 video formats<\/td>\n<\/tr>\n<tr>\n<td>Up to 4K high-definition live view, storage and playback<\/td>\n<\/tr>\n<tr>\n<td>Up to 4-ch @ 1080p decoding capacity<\/td>\n<\/tr>\n<tr>\n<td>Up to 160 Mbps high incoming bandwidth ensures IP cameras can be connected<\/td>\n<\/tr>\n<tr>\n<td>1 HDMI and 1 VGA interfaces: both interfaces support independent video output<\/td>\n<\/tr>\n<tr>\n<td>2 HDDs for continuous video recording<\/td>\n<\/tr>\n<tr>\n<td>Compatible with third-party network cameras<\/td>\n<\/tr>\n<\/tbody>\n<\/table>\n","protected":false},"featured_media":3204,"comment_status":"open","ping_status":"closed","template":"","meta":[],"product_brand":[],"product_cat":[40],"product_tag":[],"class_list":{"0":"post-3203","1":"product","2":"type-product","3":"status-publish","4":"has-post-thumbnail","6":"product_cat-nvr","8":"first","9":"instock","10":"shipping-taxable","11":"purchasable","12":"product-type-simple"},"_links":{"self":[{"href":"https:\/\/wiretree.lk\/shop\/wp-json\/wp\/v2\/product\/3203","targetHints":{"allow":["GET"]}}],"collection":[{"href":"https:\/\/wiretree.lk\/shop\/wp-json\/wp\/v2\/product"}],"about":[{"href":"https:\/\/wiretree.lk\/shop\/wp-json\/wp\/v2\/types\/product"}],"replies":[{"embeddable":true,"href":"https:\/\/wiretree.lk\/shop\/wp-json\/wp\/v2\/comments?post=3203"}],"wp:featuredmedia":[{"embeddable":true,"href":"https:\/\/wiretree.lk\/shop\/wp-json\/wp\/v2\/media\/3204"}],"wp:attachment":[{"href":"https:\/\/wiretree.lk\/shop\/wp-json\/wp\/v2\/media?parent=3203"}],"wp:term":[{"taxonomy":"product_brand","embeddable":true,"href":"https:\/\/wiretree.lk\/shop\/wp-json\/wp\/v2\/product_brand?post=3203"},{"taxonomy":"product_cat","embeddable":true,"href":"https:\/\/wiretree.lk\/shop\/wp-json\/wp\/v2\/product_cat?post=3203"},{"taxonomy":"product_tag","embeddable":true,"href":"https:\/\/wiretree.lk\/shop\/wp-json\/wp\/v2\/product_tag?post=3203"}],"curies":[{"name":"wp","href":"https:\/\/api.w.org\/{rel}","templated":true}]}}