{"id":3205,"date":"2023-09-16T17:10:53","date_gmt":"2023-09-16T17:10:53","guid":{"rendered":"https:\/\/wiretree.lk\/shop\/?post_type=product&#038;p=3205"},"modified":"2023-09-16T17:10:55","modified_gmt":"2023-09-16T17:10:55","slug":"ds-7616ni-q2-16p","status":"publish","type":"product","link":"https:\/\/wiretree.lk\/shop\/ds-7616ni-q2-16p\/","title":{"rendered":"DS-7616NI-Q2\/16P"},"content":{"rendered":"<section class=\"wpb-content-wrapper\"><p>[vc_row][vc_column][vc_column_text text_larger=&#8221;no&#8221;]<\/p>\n<table width=\"772\">\n<tbody>\n<tr>\n<td width=\"772\"><strong>Specification<\/strong><\/p>\n<p>&nbsp;<\/td>\n<\/tr>\n<tr>\n<td>Motion Detection 2.0<\/td>\n<\/tr>\n<tr>\n<td>Human\/Vehicle Analysis 4-ch<\/td>\n<\/tr>\n<tr>\n<td>Video and Audio<\/td>\n<\/tr>\n<tr>\n<td>IP Video Input 16-ch<\/td>\n<\/tr>\n<tr>\n<td>Incoming Bandwidth 160 Mbps<\/td>\n<\/tr>\n<tr>\n<td>Outgoing Bandwidth 80 Mbps<\/td>\n<\/tr>\n<tr>\n<td>HDMI Output<\/td>\n<\/tr>\n<tr>\n<td>1-ch, 4K (4096 x 2160)\/30 Hz, 4K (3840 x 2160)\/30 Hz, 2K (2560 x 1440)\/60 Hz, 1920 x<\/td>\n<\/tr>\n<tr>\n<td>1080\/60 Hz, 1600 x 1200\/60 Hz, 1280 x 1024\/60 Hz, 1280 x 720\/60 Hz<\/td>\n<\/tr>\n<tr>\n<td>VGA Output 1-ch, 1920 \u00d7 1080\/60 Hz, 1280 \u00d7 1024\/60 Hz, 1280 \u00d7 720\/60 Hz<\/td>\n<\/tr>\n<tr>\n<td>Video Output Mode HDMI\/VGA simultaneous output<\/td>\n<\/tr>\n<tr>\n<td>Audio Output 1-ch, RCA (Linear, 1 K\u03a9)<\/td>\n<\/tr>\n<tr>\n<td>Two-Way Audio 1-ch, RCA (2.0 Vp-p, 1 k \u03a9)<\/td>\n<\/tr>\n<tr>\n<td>Decoding<\/td>\n<\/tr>\n<tr>\n<td>Decoding Format H.265+,H.265,H.264+,H.264<\/td>\n<\/tr>\n<tr>\n<td>Recording Resolution 8 MP\/6 MP\/5 MP\/4 MP\/3 MP\/1080p\/UXGA \/720p\/VGA\/4CIF\/DCIF\/ 2CIF\/CIF\/QCIF<\/td>\n<\/tr>\n<tr>\n<td>Synchronous playback 16-ch<\/td>\n<\/tr>\n<tr>\n<td>Decoding Capability<\/td>\n<\/tr>\n<tr>\n<td>1-ch@8 MP (30 fps)\/3-ch@4 MP (30 fps)\/6-ch@1080p (30 fps)<\/td>\n<\/tr>\n<tr>\n<td>*: The length or width of camera resolution (each track) cannot exceed 4096 pixels.<\/td>\n<\/tr>\n<tr>\n<td>Stream Type Video, Video &amp; Audio<\/td>\n<\/tr>\n<tr>\n<td>Audio Compression G.711ulaw\/G.711alaw\/G.722\/G.726<\/td>\n<\/tr>\n<tr>\n<td>Network<\/td>\n<\/tr>\n<tr>\n<td>Remote Connection 32<\/td>\n<\/tr>\n<tr>\n<td>Network Protocol<\/td>\n<\/tr>\n<tr>\n<td>TCP\/IP, DHCP, IPv4, IPv6, DNS, DDNS, NTP, RTSP, SADP, SMTP, SNMP, NFS, iSCSI, ISUP,<\/td>\n<\/tr>\n<tr>\n<td>UPnP\u2122, HTTP, HTTPS<\/td>\n<\/tr>\n<tr>\n<td>Network Interface 1, RJ-45 10\/100\/1000 Mbps self-adaptive Ethernet interface<\/td>\n<\/tr>\n<tr>\n<td>PoE<\/td>\n<\/tr>\n<tr>\n<td>Interface 16, RJ-45 10\/100 Mbps self-adaptive Ethernet interface<\/td>\n<\/tr>\n<tr>\n<td>Power \u2264 150 W<\/td>\n<\/tr>\n<tr>\n<td>Standard IEEE 802.3 af\/at<\/td>\n<\/tr>\n<tr>\n<td>Auxiliary Interface<\/td>\n<\/tr>\n<tr>\n<td>SATA 2 SATA interfaces<\/td>\n<\/tr>\n<tr>\n<td>Capacity Up to 8 TB capacity for each disk<\/td>\n<\/tr>\n<tr>\n<td>Alarm In\/Out N\/A (4\/1 is optional)<\/td>\n<\/tr>\n<tr>\n<td>USB Interface 2 \u00d7 USB 2.0<\/td>\n<\/tr>\n<tr>\n<td>General<\/td>\n<\/tr>\n<tr>\n<td>Power Supply 100 to 240 VAC, 50 to 60 Hz<\/td>\n<\/tr>\n<tr>\n<td>Consumption \u2264 15 W (without HDD and PoE off)<\/td>\n<\/tr>\n<tr>\n<td>Working Temperature -10 \u00b0C to 55 \u00b0C (14 \u00b0F to 131 \u00b0F)<\/td>\n<\/tr>\n<tr>\n<td>Working Humidity 10% to 90%<\/td>\n<\/tr>\n<tr>\n<td>Chassis 1U chassis<\/td>\n<\/tr>\n<tr>\n<td>Dimension (W \u00d7 D \u00d7 H) 385 \u00d7 315 \u00d7 52 mm (15.2&#8243;\u00d7 12.4&#8243; \u00d7 2.0&#8243;)<\/td>\n<\/tr>\n<tr>\n<td>Weight \u2264 2.6 kg (without HDD, 5.7 lb.)<\/td>\n<\/tr>\n<tr>\n<td>Certification<\/td>\n<\/tr>\n<tr>\n<td>FCC Part 15 Subpart B, ANSI C63.4-2014<\/td>\n<\/tr>\n<tr>\n<td>CE EN 55032: 2015, EN 61000-3-2, EN 61000-3-3, EN 50130-4, EN 55035: 2017<\/td>\n<\/tr>\n<tr>\n<td>Note:<\/td>\n<\/tr>\n<tr>\n<td>Alarm in\/out can be optional for certain models. If you select a device model with &#8220;\/ALARM&#8221;, then the device will have 4<\/td>\n<\/tr>\n<tr>\n<td>alarm inputs and 1 alarm output.<\/td>\n<\/tr>\n<\/tbody>\n<\/table>\n<p>[\/vc_column_text][\/vc_column][\/vc_row]<\/p>\n<\/section>","protected":false},"excerpt":{"rendered":"<table width=\"516\">\n<tbody>\n<tr>\n<td width=\"516\"><strong>DS-7616NI-Q2\/16P\u00a0<\/strong><\/td>\n<\/tr>\n<tr>\n<td><\/td>\n<\/tr>\n<tr>\n<td>Up to 16 channel IP cameras can be connected<\/td>\n<\/tr>\n<tr>\n<td>Supports decoding H.265+\/H.265\/H.264+\/H.264 video formats<\/td>\n<\/tr>\n<tr>\n<td>Up to 4K high-definition live view, storage and playback<\/td>\n<\/tr>\n<tr>\n<td>Up to 4-ch @ 1080p decoding capacity<\/td>\n<\/tr>\n<tr>\n<td>Up to 160 Mbps high incoming bandwidth ensures IP cameras can be connected<\/td>\n<\/tr>\n<tr>\n<td>1 HDMI and 1 VGA interfaces: both interfaces support independent video output<\/td>\n<\/tr>\n<tr>\n<td>2 HDDs for continuous video recording<\/td>\n<\/tr>\n<tr>\n<td>Compatible with third-party network cameras<\/td>\n<\/tr>\n<tr>\n<td>Plug &amp; Play with 16 Power-over-Ethernet (PoE) interfaces<\/td>\n<\/tr>\n<\/tbody>\n<\/table>\n","protected":false},"featured_media":3206,"comment_status":"open","ping_status":"closed","template":"","meta":[],"product_brand":[],"product_cat":[40],"product_tag":[],"class_list":{"0":"post-3205","1":"product","2":"type-product","3":"status-publish","4":"has-post-thumbnail","6":"product_cat-nvr","8":"first","9":"instock","10":"shipping-taxable","11":"purchasable","12":"product-type-simple"},"_links":{"self":[{"href":"https:\/\/wiretree.lk\/shop\/wp-json\/wp\/v2\/product\/3205","targetHints":{"allow":["GET"]}}],"collection":[{"href":"https:\/\/wiretree.lk\/shop\/wp-json\/wp\/v2\/product"}],"about":[{"href":"https:\/\/wiretree.lk\/shop\/wp-json\/wp\/v2\/types\/product"}],"replies":[{"embeddable":true,"href":"https:\/\/wiretree.lk\/shop\/wp-json\/wp\/v2\/comments?post=3205"}],"wp:featuredmedia":[{"embeddable":true,"href":"https:\/\/wiretree.lk\/shop\/wp-json\/wp\/v2\/media\/3206"}],"wp:attachment":[{"href":"https:\/\/wiretree.lk\/shop\/wp-json\/wp\/v2\/media?parent=3205"}],"wp:term":[{"taxonomy":"product_brand","embeddable":true,"href":"https:\/\/wiretree.lk\/shop\/wp-json\/wp\/v2\/product_brand?post=3205"},{"taxonomy":"product_cat","embeddable":true,"href":"https:\/\/wiretree.lk\/shop\/wp-json\/wp\/v2\/product_cat?post=3205"},{"taxonomy":"product_tag","embeddable":true,"href":"https:\/\/wiretree.lk\/shop\/wp-json\/wp\/v2\/product_tag?post=3205"}],"curies":[{"name":"wp","href":"https:\/\/api.w.org\/{rel}","templated":true}]}}