{"id":3240,"date":"2023-09-17T07:19:52","date_gmt":"2023-09-17T07:19:52","guid":{"rendered":"https:\/\/wiretree.lk\/shop\/?post_type=product&#038;p=3240"},"modified":"2023-09-17T07:19:53","modified_gmt":"2023-09-17T07:19:53","slug":"ds-7104hqhi-k1s","status":"publish","type":"product","link":"https:\/\/wiretree.lk\/shop\/ds-7104hqhi-k1s\/","title":{"rendered":"DS-7104HQHI-K1(S)"},"content":{"rendered":"<section class=\"wpb-content-wrapper\"><p>[vc_row][vc_column][vc_column_text text_larger=&#8221;no&#8221;]<\/p>\n<table width=\"554\">\n<tbody>\n<tr>\n<td width=\"554\"><strong>Specification<\/strong><\/p>\n<p>&nbsp;<\/td>\n<\/tr>\n<tr>\n<td>Model DS-7104HQHI-K1 DS-7108HQHI-K1 DS-7116HQHI-K1<\/td>\n<\/tr>\n<tr>\n<td>Recording<\/td>\n<\/tr>\n<tr>\n<td>Video compression H.265 Pro+\/H.265 Pro\/H.265\/H.264+\/H.264<\/td>\n<\/tr>\n<tr>\n<td>Encoding resolution<\/td>\n<\/tr>\n<tr>\n<td>When 1080p Lite mode is not enabled:<\/td>\n<\/tr>\n<tr>\n<td>4 MP lite\/3 MP\/1080p\/720p\/VGA\/WD1\/4CIF\/CIF;<\/td>\n<\/tr>\n<tr>\n<td>When 1080p Lite mode is enabled:<\/td>\n<\/tr>\n<tr>\n<td>4 MP lite\/3 MP\/1080p lite\/720p lite\/VGA\/WD1\/4CIF\/CIF<\/td>\n<\/tr>\n<tr>\n<td>Frame rate<\/td>\n<\/tr>\n<tr>\n<td>Main stream:<\/td>\n<\/tr>\n<tr>\n<td>When 1080p Lite mode is not enabled:<\/td>\n<\/tr>\n<tr>\n<td>For 4 MP stream access:<\/td>\n<\/tr>\n<tr>\n<td>4 MP lite@15fps; 1080p lite\/720p\/WD1\/4CIF\/VGA\/CIF@25fps (P)\/30fps (N)<\/td>\n<\/tr>\n<tr>\n<td>For 3 MP stream access: 3 MP\/1080p\/720p\/VGA\/WD1\/4CIF\/CIF@15fps<\/td>\n<\/tr>\n<tr>\n<td>For 1080p stream access:<\/td>\n<\/tr>\n<tr>\n<td>1080p\/720p@15fps; VGA\/WD1\/4CIF\/CIF@25fps (P)\/30fps (N)<\/td>\n<\/tr>\n<tr>\n<td>For 720p stream access: 720p\/VGA\/WD1\/4CIF\/CIF@25fps (P)\/30fps (N)<\/td>\n<\/tr>\n<tr>\n<td>When 1080p Lite mode is enabled:<\/td>\n<\/tr>\n<tr>\n<td>4 MP lite\/3 MP@15fps; 1080p lite\/720p lite\/VGA\/WD1\/4CIF\/CIF@25fps (P)\/30fps (N)<\/td>\n<\/tr>\n<tr>\n<td>Sub-stream:<\/td>\n<\/tr>\n<tr>\n<td>WD1\/4CIF@12fps; CIF@25fps (P)\/30fps (N)<\/td>\n<\/tr>\n<tr>\n<td>Video bit rate 32 Kbps to 6 Mbps<\/td>\n<\/tr>\n<tr>\n<td>Dual stream Support<\/td>\n<\/tr>\n<tr>\n<td>Stream type Video, Video &amp; Audio<\/td>\n<\/tr>\n<tr>\n<td>Audio compression G.711u<\/td>\n<\/tr>\n<tr>\n<td>Audio bit rate 64 Kbps<\/td>\n<\/tr>\n<tr>\n<td>Video and Audio<\/td>\n<\/tr>\n<tr>\n<td>IP video input<\/td>\n<\/tr>\n<tr>\n<td>1-ch (up to 5-ch)<\/td>\n<\/tr>\n<tr>\n<td>Enhanced IP mode on:<\/td>\n<\/tr>\n<tr>\n<td>2-ch (up to 6-ch), each up<\/td>\n<\/tr>\n<tr>\n<td>to 4 Mbps<\/td>\n<\/tr>\n<tr>\n<td>2-ch (up to 10-ch)<\/td>\n<\/tr>\n<tr>\n<td>Enhanced IP mode on:<\/td>\n<\/tr>\n<tr>\n<td>4-ch (up to 12-ch), each up<\/td>\n<\/tr>\n<tr>\n<td>to 4 Mbps<\/td>\n<\/tr>\n<tr>\n<td>2-ch (up to 18-ch)<\/td>\n<\/tr>\n<tr>\n<td>Enhanced IP mode on:<\/td>\n<\/tr>\n<tr>\n<td>8-ch (up to 24-ch), each up<\/td>\n<\/tr>\n<tr>\n<td>to 4 Mbps<\/td>\n<\/tr>\n<tr>\n<td>Up to 6 MP resolution<\/td>\n<\/tr>\n<tr>\n<td>Support H.265+\/H.265\/H.264+\/H.264 IP cameras<\/td>\n<\/tr>\n<tr>\n<td>Analog video input<\/td>\n<\/tr>\n<tr>\n<td>4-ch 8-ch 16-ch<\/td>\n<\/tr>\n<tr>\n<td>BNC interface (1.0 Vp-p, 75 \u03a9), supporting coaxitron connection<\/td>\n<\/tr>\n<tr>\n<td>HDTVI input<\/td>\n<\/tr>\n<tr>\n<td>4 MP, 3 MP, 1080p25, 1080p30, 720p25, 720p30, 720p50, 720p60<\/td>\n<\/tr>\n<tr>\n<td>*: The 3 MP signal input is only available for channel 1 of DS-7104HQHI-K1, channel<\/td>\n<\/tr>\n<tr>\n<td>1\/2 of DS-7108HQHI-K1, and channel 1\/2\/3\/4 of DS-7116HQHI-K1.<\/td>\n<\/tr>\n<tr>\n<td>AHD input 4 MP, 1080p25, 1080p30, 720p25, 720p30<\/td>\n<\/tr>\n<tr>\n<td>HDCVI input 4 MP, 1080p25, 1080p30, 720p25, 720p30<\/td>\n<\/tr>\n<tr>\n<td>CVBS input Support<\/td>\n<\/tr>\n<tr>\n<td>VGA output 1-ch, 1920 \u00d7 1080\/60Hz, 1280 \u00d7 1024\/60Hz, 1280 \u00d7 720\/60Hz, 1024 \u00d7 768\/60Hz<\/td>\n<\/tr>\n<tr>\n<td>HDMI output<\/td>\n<\/tr>\n<tr>\n<td>1-ch, 1920 \u00d7 1080\/60Hz, 1280 \u00d7 1024\/60Hz, 1280 \u00d7<\/td>\n<\/tr>\n<tr>\n<td>720\/60Hz, 1024 \u00d7 768\/60Hz<\/td>\n<\/tr>\n<tr>\n<td>1-ch, 4K (3840 \u00d7<\/td>\n<\/tr>\n<tr>\n<td>2160)\/30Hz, 2K (2560 \u00d7<\/td>\n<\/tr>\n<tr>\n<td>1440)\/60Hz, 1920 \u00d7<\/td>\n<\/tr>\n<tr>\n<td>1080\/60Hz, 1280 \u00d7<\/td>\n<\/tr>\n<tr>\n<td>1024\/60Hz, 1280 \u00d7<\/td>\n<\/tr>\n<tr>\n<td>720\/60Hz, 1024 \u00d7<\/td>\n<\/tr>\n<tr>\n<td>768\/60Hz<\/td>\n<\/tr>\n<tr>\n<td>Audio input<\/td>\n<\/tr>\n<tr>\n<td>1-ch, RCA (2.0 Vp-p, 1 K\u03a9)<\/td>\n<\/tr>\n<tr>\n<td>4-ch via coaxial cable 8-ch via coaxial cable 16-ch via coaxial cable<\/td>\n<\/tr>\n<tr>\n<td>Audio output 1-ch, RCA (Linear, 1 K\u03a9)<\/td>\n<\/tr>\n<tr>\n<td>Two-way audio 1-ch, RCA (2.0 Vp-p, 1 K\u03a9) (using the first audio input)<\/td>\n<\/tr>\n<tr>\n<td>Synchronous playback 4-ch 8-ch 16-ch<\/td>\n<\/tr>\n<tr>\n<td>Network<\/td>\n<\/tr>\n<tr>\n<td>Total bandwidth 72 Mbps 96 Mbps 128 Mbps<\/td>\n<\/tr>\n<tr>\n<td>Incoming bandwidth<\/td>\n<\/tr>\n<tr>\n<td>(Enhanced IP mode)<\/td>\n<\/tr>\n<tr>\n<td>24 Mbps 48 Mbps 96 Mbps<\/td>\n<\/tr>\n<tr>\n<td>Remote connection 32 64 128<\/td>\n<\/tr>\n<tr>\n<td>Network protocol<\/td>\n<\/tr>\n<tr>\n<td>TCP\/IP, PPPoE, DHCP, Hik-Connect, DNS, DDNS, NTP, SADP, NFS, iSCSI, UPnP\u2122, HTTPS,<\/td>\n<\/tr>\n<tr>\n<td>ONVIF<\/td>\n<\/tr>\n<tr>\n<td>Network interface 1, RJ45 10M\/100M self-adaptive Ethernet interface<\/td>\n<\/tr>\n<tr>\n<td>1, RJ45<\/td>\n<\/tr>\n<tr>\n<td>10M\/100M\/1000M<\/td>\n<\/tr>\n<tr>\n<td>self-adaptive Ethernet<\/td>\n<\/tr>\n<tr>\n<td>interface<\/td>\n<\/tr>\n<tr>\n<td>Auxiliary interface<\/td>\n<\/tr>\n<tr>\n<td>SATA 1 SATA interface<\/td>\n<\/tr>\n<tr>\n<td>Capacity Up to 6 TB capacity for each disk<\/td>\n<\/tr>\n<tr>\n<td>USB interface Real panel: 2 \u00d7 USB 2.0<\/td>\n<\/tr>\n<tr>\n<td>Alarm in\/out N\/A<\/td>\n<\/tr>\n<tr>\n<td>General<\/td>\n<\/tr>\n<tr>\n<td>Power supply 12 VDC, 1.5 A 12 VDC, 1.33 A 12 VDC, 1.9 A<\/td>\n<\/tr>\n<tr>\n<td>Consumption<\/td>\n<\/tr>\n<tr>\n<td>(without HDD)<\/td>\n<\/tr>\n<tr>\n<td>\u2264 8 W \u2264 12 W \u2264 15 W<\/td>\n<\/tr>\n<tr>\n<td>Working temperature -10 \u00b0C to +55 \u00b0C (+14 \u00b0F to +131 \u00b0F)<\/td>\n<\/tr>\n<tr>\n<td>Working humidity 10% to 90%<\/td>\n<\/tr>\n<tr>\n<td>Dimension (W \u00d7 D \u00d7 H) 200 \u00d7 200 \u00d7 45 mm (7.9 \u00d7 7.9 \u00d7 1.8 inch)<\/td>\n<\/tr>\n<tr>\n<td>285 \u00d7 210 \u00d7 45 mm (11.2 \u00d7<\/td>\n<\/tr>\n<tr>\n<td>8.3 \u00d7 1.8 inch)<\/td>\n<\/tr>\n<tr>\n<td>Weight (without HDD) \u2264 1 kg (2.2 lb)<\/td>\n<\/tr>\n<\/tbody>\n<\/table>\n<p>[\/vc_column_text][\/vc_column][\/vc_row]<\/p>\n<\/section>","protected":false},"excerpt":{"rendered":"<table width=\"339\">\n<tbody>\n<tr>\n<td width=\"339\"><strong>DS-7104HQHI-K1(S)<\/strong><\/p>\n<p>4-ch 1080p Mini 1U H.265 DVR<\/td>\n<\/tr>\n<tr>\n<td>4 channels and 1 HDD mini size DVR<\/td>\n<\/tr>\n<tr>\n<td>Efficient H.265 pro+ compression technology<\/td>\n<\/tr>\n<tr>\n<td>Encoding ability up to 1080p @ 15 fps<\/td>\n<\/tr>\n<tr>\n<td>5 signals input adaptively (HDTVI\/AHD\/CVI\/CVBS\/IP)<\/td>\n<\/tr>\n<tr>\n<td>Up to 6 network cameras can be connected<\/td>\n<\/tr>\n<\/tbody>\n<\/table>\n","protected":false},"featured_media":3241,"comment_status":"open","ping_status":"closed","template":"","meta":[],"product_brand":[],"product_cat":[39],"product_tag":[],"class_list":{"0":"post-3240","1":"product","2":"type-product","3":"status-publish","4":"has-post-thumbnail","6":"product_cat-dvr","8":"first","9":"instock","10":"shipping-taxable","11":"purchasable","12":"product-type-simple"},"_links":{"self":[{"href":"https:\/\/wiretree.lk\/shop\/wp-json\/wp\/v2\/product\/3240","targetHints":{"allow":["GET"]}}],"collection":[{"href":"https:\/\/wiretree.lk\/shop\/wp-json\/wp\/v2\/product"}],"about":[{"href":"https:\/\/wiretree.lk\/shop\/wp-json\/wp\/v2\/types\/product"}],"replies":[{"embeddable":true,"href":"https:\/\/wiretree.lk\/shop\/wp-json\/wp\/v2\/comments?post=3240"}],"wp:featuredmedia":[{"embeddable":true,"href":"https:\/\/wiretree.lk\/shop\/wp-json\/wp\/v2\/media\/3241"}],"wp:attachment":[{"href":"https:\/\/wiretree.lk\/shop\/wp-json\/wp\/v2\/media?parent=3240"}],"wp:term":[{"taxonomy":"product_brand","embeddable":true,"href":"https:\/\/wiretree.lk\/shop\/wp-json\/wp\/v2\/product_brand?post=3240"},{"taxonomy":"product_cat","embeddable":true,"href":"https:\/\/wiretree.lk\/shop\/wp-json\/wp\/v2\/product_cat?post=3240"},{"taxonomy":"product_tag","embeddable":true,"href":"https:\/\/wiretree.lk\/shop\/wp-json\/wp\/v2\/product_tag?post=3240"}],"curies":[{"name":"wp","href":"https:\/\/api.w.org\/{rel}","templated":true}]}}